) = g**3 - 15*g**2 + g + 10. Give q(s).
25
Suppose -483 = -7*g - 0*g. Let p = 73 - g. Suppose -3*d + 13 = f, d + 2 = -p*f - 1. Let x(i) = i**2 - 5*i + 6. What is x(d)?
6
Suppose 10028 = -432*p - 4*p. Let g(q) = q**3 + 21*q**2 - 48*q - 51. Calculate g(p).
-5
Let w = 366 - 363. Let f(k) = -10 - w*k + 2*k - 3*k + 11*k - 2*k. What is f(6)?
20
Suppose -59*a + 592 = 89*a. Let g(p) be the third derivative of 0*p + 1/60*p**5 + 0 - 3/8*p**4 + 1/2*p**3 + a*p**2. Give g(8).
-5
Let t(y) = 7 + y**2 + 30*y - 18*y - 19*y - 1. Let h = 645 - 641. Determine t(h).
-6
Suppose 0 = 21*g - 12*g - 828. Suppose g = -11*p + 34*p. Let t(j) = j + 9. Give t(p).
13
Let y be 4633/(-287) + 10 - 1/(-7). Let k(l) be the third derivative of l**5/60 + l**4/6 - 4*l**3/3 + 2*l**2. Determine k(y).
4
Let g = 95 + -100. Let u(o) be the third derivative of o**5/60 + 5*o**4/24 + 3*o**2 - 5*o. Determine u(g).
0
Let t(z) = -z**3 - 4*z**2 + 5*z + 7. Suppose -5*f - h - h + 3 = 0, 21 = -f + 5*h. Let g be 3/f + -1 + 6. Suppose -g*a = a + 15. What is t(a)?
7
Let l(w) = -w - 39. Let q(z) = 36. Let k(j) = 2*l(j) + 3*q(j). What is k(7)?
16
Suppose -21*l = -20 + 20 - 42. Let z(v) = 6*v**2 - 10*v + 15. Give z(l).
19
Let r(p) = -p**3 - 11*p**2 - 8*p + 5. Let v be (1246/903 + 6/(-129))/((-4)/30). Give r(v).
-15
Suppose -3*p + 15 = 2*m, -5*p + 4*m = -0*p - 3. Let b(y) = p*y**2 + y - 30 + 35 + y**3 - 5*y. Give b(-5).
-25
Suppose -3*k = 5*m + 84, -4*m - 29 = -5*k + 16. Let v be 6 - -3*10/m. Suppose 2*j + 10 = f - 2*f, 3*f = v*j. Let t(x) = 3*x**2 + 5*x + 2. Give t(j).
14
Let f(x) = 1 - 911717*x**2 + 4 + 0 + x**3 - 5*x + 911722*x**2. What is f(-6)?
-1
Let r(o) = 12*o**2 + 12*o - 21. Let c(l) = -l**3 - l**2 + l - 4. Suppose -44*p + 45*p + 1 = 0. Let m(u) = p*r(u) + c(u). What is m(-12)?
5
Let f(t) = 0*t**2 + 2039 - 10*t - t**2 - 4049 + 2094 - 11*t. Give f(-24).
12
Let s(r) = 2*r**2 + 8*r - 3. Suppose 56 = 2*x + 8*q - 6*q, 2*q + 119 = 5*x. Suppose -o + 98 = b + x, 0 = -5*o + 5. Let w = b - 78. Calculate s(w).
21
Let v(t) = -t**3 - 10*t**2 - 9*t - 10. Let u(r) = -9*r - 3. Let s(x) = -x**2 + 46*x + 14. Let z(a) = 2*s(a) + 11*u(a). Let k be z(-4). What is v(k)?
-10
Let l(z) = 93*z - 157. Let q(i) = -53*i + 90. Let m(d) = 4*l(d) + 7*q(d). Let g be (-4)/18 + 130/18. Calculate m(g).
9
Let n(p) = -2423*p + 1 + 4838*p - 2403*p. Let f = -7 - -7. Let r = 1 + f. Calculate n(r).
13
Let m(p) = -2*p**2 + 106 + p**2 - 102 + 2*p. Let r = -14 - -22. Suppose g = -0*w + 3*w + 16, r = 4*g + 2*w. Give m(g).
-4
Let x(i) = -8*i + 19. Let r(y) = -22*y + 54. Let z(f) = -3*r(f) + 8*x(f). Give z(4).
-2
Let s(z) be the first derivative of -z**3/2 + 3*z**2 - 3*z + 8. Let c(u) be the first derivative of s(u). Let t = 249 - 245. Determine c(t).
-6
Let d(a) = -a**2 - 2*a + 4. Let s(h) = 197*h + 22. Let p be s(1). Suppose 0 = p*r - 212*r + 28. Determine d(r).
-4
Let a(f) be the first derivative of f**2 + 5*f - 6. Let s(k) = -3*k - 6. Let r(p) = 7*a(p) + 6*s(p). Let o(z) = -3*z - 79. Let d be o(-26). Calculate r(d).
3
Let d(u) = -u**2 + 3*u + 9. Suppose 4*p - 2 = -3*r + 9, 4*r + 7 = -p. What is d(p)?
-1
Let v(d) = d + 4. Let n(z) be the third derivative of 5*z**4/24 + 8*z**3/3 - 9*z**2. Let u(y) = -2*n(y) + 9*v(y). Give u(4).
0
Let j(i) = 1 + 3*i + 0 + 2 + 5 - 2. Let r(c) = -2*c + 28. Let g be r(18). Calculate j(g).
-18
Let o be -45 - -48 - (-7 + 1 + -2). Let f(w) be the first derivative of -w**2/2 + 22*w + 2. Determine f(o).
11
Let z(f) = -f + 52. Let p(w) = 306. Let j be -1 + 4 + 352/((-16)/4). Let k(s) = 11. Let d(n) = j*k(n) + 3*p(n). Let l(h) = -7*d(h) - 2*z(h). Give l(-10).
-5
Let m(l) = 2*l**2 + 24*l - 5. Let t(q) = -q**3 - 28*q**2 - 34*q - 201. Let d be t(-27). Give m(d).
-5
Suppose 15 = 3*d - 6*p, -92*d + 8 = -91*d + p. Let s(b) = -3*b + 19. Determine s(d).
-2
Let h(d) = d**3 + 3*d**2 - 5*d - 1. Let k(y) = y**2 + 7*y + 18. Let w be k(-7). Let l be 3*1 - 1*(-11 + w). Calculate h(l).
3
Let z(w) = 24963 + w + 24951 - 49942. Determine z(10).
-18
Let x(t) = 2*t**2 - 13*t - 12. Let m(l) = -3*l**2 + 25*l + 10. Let v(c) = -3*m(c) - 4*x(c). Give v(22).
-4
Let s(x) be the second derivative of -5*x**3/3 + 3*x**2/2 + 287*x. Let d(z) = 4*z - 1. Let i(h) = -11*d(h) - 4*s(h). Give i(3).
-13
Let a be 1/(-7)*(-7 - 175/(-30)). Let f(j) be the third derivative of 0*j + 0 + 5/8*j**4 - 17*j**2 - a*j**3. What is f(-1)?
-16
Let r(l) = 7*l**3 + 6*l**2 - 5*l + 2. Let j = 19965 - 19964. Give r(j).
10
Let i(w) be the second derivative of -w**3/3 - 9*w**2/2 + 178*w. Let f(r) = 5*r + 27. Let b(x) = -2*f(x) - 7*i(x). Determine b(-9).
-27
Let a(z) be the third derivative of z**4/12 - 5*z**3/2 - 7489*z**2. Calculate a(8).
1
Let c(f) = -f**2 - 2*f + 4. Let z = 138 + -150. Let x be (23/(-4) + 6)*z. Determine c(x).
1
Let j(v) = 11*v**2 + 89*v + 2. Let x = -112 - -104. Let s be j(x). Let p(y) = -y**3 - 4*y**2 + 7*y - 3. Determine p(s).
27
Let g(j) = 14*j**2 + 11*j + 13. Suppose -12 = 2*h - 12 + 2. Calculate g(h).
16
Let g(w) be the second derivative of w**3/6 - 3*w**2/2 - w. Suppose -5*z + 2*c - 620 = 4*c, 0 = -3*z - c - 372. Let s = 127 + z. Determine g(s).
0
Let t(l) = -l**2 + 11*l - 4. Let q(i) = -i**2. Let r(j) = 4*j**2 - 12*j + 3. Let u(h) = 2*q(h) + r(h). Let o(z) = -3*t(z) - 2*u(z). Determine o(-10).
-4
Let u be (-157)/31 - 32/(-496). Let a(c) = c**3 + 6*c**2 - c - 10. Calculate a(u).
20
Suppose -41*k - 6 = -43*k. Let i(g) = -g**3 - 3*g**2 + g + 1. Let y(w) = -w**3. Let x(h) = -i(h) + 2*y(h). Calculate x(k).
-4
Let z(q) = q**3 - 9*q**2 + 2*q - 23. Let a(o) = o**3 - 68*o**2 + 197*o - 121. Let f be a(65). Determine z(f).
-5
Let a(c) = c - 1. Let z(j) = 6*j - 5. Let b(g) = -10*a(g) + 2*z(g). Let r be 2/(-2) + 3 - (-20 + 24). What is b(r)?
-4
Let c(d) = d**2 - 11*d + 19. Suppose 106*h - 6*h - 700 = 0. Give c(h).
-9
Let l(s) = 2*s + 3. Let w = -26 - -29. Suppose 2 = -w*j + 8. Suppose 0 = -5*p - 8 - j. Give l(p).
-1
Let c(b) = -2*b**2 + 12*b**2 + b**3 - 14 - 8 - 22 - 21*b + 53. What is c(-12)?
-27
Let m(u) = -2*u**2 - 7*u - 4. Suppose 0 = -5*s - 15, t - 4*s + 30 + 17 = 0. Let q be 0 + 1*-2 - (t + 61). Determine m(q).
-8
Let g be 1/(-3)*-21 + 30. Suppose -5*v - g = 13. Let w(l) = -2*l - 10. Determine w(v).
10
Let y(n) = 0*n**2 - 9*n + 18*n - 3 + n**2. Suppose -2305 = -k - 22*k - 2489. Calculate y(k).
-11
Let f(o) = -o**3 + 7*o**2 + 6*o + 3. Suppose 3*v - 648 = -4*k, -4*k + 418 = 2*v - 6*k. Suppose -30*a + v = -28. What is f(a)?
-13
Let k(p) = 167*p - 210. Let r(l) = -313*l + 421. Let m(y) = 11*k(y) + 6*r(y). Calculate m(5).
11
Suppose -3619*p - 25 = -3618*p. Let u(m) = -m**2 - 19*m + 141. Calculate u(p).
-9
Let t(s) = -s**3 + 4*s**2 - 6*s + 13. Let z = 14330 + -14324. Calculate t(z).
-95
Let c(v) = 88. Let t(d) = -2*d + 351. Let h(a) = 11*c(a) - 3*t(a). Give h(16).
11
Let i(w) = -w**2 + 4*w + 14. Let z be ((-9)/(-6))/(10/(-60)). Give i(z).
-103
Let p(v) = -v**3 + 2*v**2 + 5*v + 1. Suppose -4*s - 59 = -295. Let c(a) = -a**3 - 26*a**2 - 53*a - s*a + 29 + 88*a. Let k be c(-25). Determine p(k).
-11
Let z(b) = -5*b - 8. Let k(c) be the first derivative of -3*c**2/2 - 6*c + 99. Let w(p) = -6*k(p) + 4*z(p). Calculate w(5).
-6
Let a(j) = 2*j**3 + 87*j**2 - 133*j + 83. Let m be a(-45). Let y(c) = 5 - 3*c + 7 + 5*c. Calculate y(m).
-2
Let w(l) = 5*l**2 - 22*l - 27. Let f(r) = 2*r**2 - r + 1. Let a(u) = -3*f(u) + w(u). Give a(-16).
18
Let w(z) = -52*z + 31. Let a(h) = -15*h + 9. Let g(r) = 7*a(r) - 2*w(r). Let t(f) = -f**2 - 6*f + 7. Let v be t(-7). Calculate g(v).
1
Let n be ((-2)/4)/(2/(-24)). Let f(u) = 6*u**2 - 1. Let g(j) = -j**3 + 24*j**2 + 2*j - 17. Let h(d) = -3*f(d) + g(d). Calculate h(n).
-2
Let s(g) be the third derivative of g**5/60 + g**3/2 + 6*g**2 + 641*g. Give s(-3).
12
Let z(g) = 490 + 305*g - 533*g + 255*g. Calculate z(-18).
4
Let q(b) = 9*b + 5*b**2 - 3*b**3 - 6*b - 2 - 4*b**2 + b**3 + b**3. Suppose -8 = 3*n + s, 2*s + s - 15 = 4*n. Calculate q(n).
25
Let c(n) be the third derivative of -n**6/120 - n**5/15 + 11*n**4/12 - n**3 + 2*n**2 + 92. Let f be c(-7). Let b(y) = -y**3 - 12*y**2 + 16*y + 32. What is b(f)?
-7
Let o(y) = 11*y - 129. Suppose 7*p + 39 = 10*p - 3*x, 43 = 3*p - 5*x. Let q be o(p). Let z(a) = -2*a - 7. Calculate z(q).
9
Let b(o) = o**3 - 8*o**2 + 8*o - 5. Let i(t) = 2*t**2 + 2. Let z be i(0). Suppose z*v - 5*l = v + 32, 0 = 3*v - 5*l - 46